derivative of -j**5/20 - 7*j**4/12 - 4*j**3/3 - 3*j**2 - j. Let y be g(-6). List the prime factors of ((-88)/(-12))/(4/y).
11
Let d be (-104)/(-20) + (-2)/10. Let z(c) = 4*c + 3. List the prime factors of z(d).
23
Let l(d) = d + 9. Let u be l(-5). What are the prime factors of (12/5)/(u/20)?
2, 3
Let z = 267 - -113. What are the prime factors of z?
2, 5, 19
Suppose 6*i - 72 = 156. List the prime factors of i.
2, 19
Suppose 0 = 5*x - 4*p - 84, -5*x - 5*p + 2 = -118. Let g = -3 + x. List the prime factors of g.
17
Suppose b + 3*z = 5*b - 153, 0 = 2*b - 5*z - 73. What are the prime factors of b?
3, 13
Suppose -11*w + 7*w = -176. What are the prime factors of w?
2, 11
Suppose -10*k + 3090 = 730. What are the prime factors of k?
2, 59
Suppose 1770 = -2*j + 8*j. What are the prime factors of j?
5, 59
Let x(u) = -u**3 + 3*u + 3. Let c be x(3). Let y = c + 33. Suppose -v + y = v. List the prime factors of v.
3
Let t = 12 + -12. Suppose -3*b + 18 = -t*b. What are the prime factors of b?
2, 3
Suppose 0 = -6*p + 2*p + 16. Suppose p*s - 22 = 3*s. Suppose -s = -2*c + 10. List the prime factors of c.
2
Suppose 5 = 3*d - 1. Suppose -11 = -6*j + 7. Suppose u + 4*n - d = 0, n - 11 = j*u - 56. List the prime factors of u.
2, 7
Let h be (-33)/(7/(-2) - -2). Suppose 2*c = -8, 5*u + c = 4*c + h. What are the prime factors of u?
2
Let b(s) = -4*s + 1. Let x be b(-4). Suppose w + 4*h + x = 0, 3*h + 6 = -3*w - 0*w. What are the prime factors of w?
3
Let d be (2/(-5))/(4/(-40)). Suppose -d*t + 16 = -12. List the prime factors of t.
7
Let w(f) = -f**3 - 4*f**2 + 7*f + 4. Let v be w(-5). Let s = -1 - v. Let r = 9 - s. List the prime factors of r.
2
Let j = -5 + 0. Let u = 4 + j. List the prime factors of -1 - -2 - 6/u.
7
Let g(y) = -y**3 - 3*y**2 + 3*y - 1. Let n be 1 + (-2 - (-2 + 5)). List the prime factors of g(n).
3
Suppose -3*a + 3*w = -5*a, -5*w = -3*a. Suppose -2*g + a*g - 20 = 0. Let f = -6 - g. List the prime factors of f.
2
Suppose -6*w + 8*w - 42 = 0. Let o = w - 3. List the prime factors of o.
2, 3
Let w be ((-14)/(-21))/(1/3). Let x be 1/(1 - 3/w). What are the prime factors of (2/x)/(2/(-36))?
2, 3
Suppose 3*n - 29 = -4*x, -n + 0*n - 12 = -3*x. What are the prime factors of x?
5
Let a(o) = -95*o - 13. List the prime factors of a(-2).
3, 59
Suppose -12*q = -11*q + 3*a - 195, -2*a - 574 = -3*q. What are the prime factors of q?
2, 3
Suppose 4*z = 8 + 8. Suppose -2*k + 2 = m + z, 0 = -m - 3*k - 3. Suppose -4*t + 2*o + 46 = m, 3*t + o - 3 = 44. List the prime factors of t.
2, 7
What are the prime factors of -1 + -9 + 5 - -250?
5, 7
Let u be 2/(-14) + 57/7. Suppose -3*d = -3, 5*o + 2*d + d = u. Let v = o - -5. What are the prime factors of v?
2, 3
Let k(n) = -n**2 + 4*n - 1. What are the prime factors of k(3)?
2
Let g(a) = -4 - a**2 + 0*a**2 + 7*a**2. Let m be g(-3). Suppose -5*h = p + 17, -5*p + 0*h + 2*h = -m. List the prime factors of p.
2
Let f(u) = u**2 - 2*u + 2. Let q be f(2). List the prime factors of (-1 + -2)*(-3 - q).
3, 5
Suppose -3*v + i - 10 - 3 = 0, 8 = -3*v - 4*i. Let x = 3 - v. List the prime factors of x.
7
Let z(p) = -2*p + 6. Let m be z(4). Let u be ((-21)/m)/((-3)/(-4)). Suppose u = -0*g + 3*g - h, 0 = 5*g + 3*h - 28. List the prime factors of g.
5
Suppose -5*p - k - 2*k = -697, 2*k = 8. What are the prime factors of p?
137
Let d(q) = 6*q**2 + 9*q - 3. What are the prime factors of d(-4)?
3, 19
Suppose -3*n = k - 171, k - 339 = -5*n - 52. What are the prime factors of n?
2, 29
Let q(y) = 2*y**3 + 4*y**2 + y - 2. Let o be q(-2). Let g = o + 6. Suppose 28 + 0 = g*d. List the prime factors of d.
2, 7
Suppose 5*o - 159 = 2*c, 4*o + o - 163 = 4*c. List the prime factors of o.
31
Let g be (-2)/(-4)*-4 + 5. Let z(u) = -u**3 - u - 8*u**g - 1 - u**2 - 4*u**3 + u**3. List the prime factors of z(-1).
11
Let h(x) be the third derivative of x**6/120 - 7*x**5/60 + x**4/3 - x**3/3 - 7*x**2. Let m = 7 + -1. What are the prime factors of h(m)?
2, 5
Let t = -5 + 2. Let c = 1 - t. Suppose c = u - 0*u. List the prime factors of u.
2
List the prime factors of -1 + (1 - -69) + -2.
67
Let t be (-2 + 21/15)*5. What are the prime factors of -4 + 1 + (-132)/t?
41
Let i be (4 - 2)*(-2 - -33). Let o = -17 + i. List the prime factors of o.
3, 5
Suppose 2*k - 374 = -62. What are the prime factors of k?
2, 3, 13
Suppose 4*f - 5*k + 7 = 0, 3*f + 0*k - 2*k + 14 = 0. What are the prime factors of f/(3/(-6)*1)?
2
Suppose -44 = -2*l + 5*i - 3*i, -44 = -2*l - i. List the prime factors of l.
2, 11
Suppose -3*h + 4 = -11. List the prime factors of h.
5
Let q be (-3 - (-18)/8)*-12. Suppose -4*d + 3*l = -38, q = -5*d + 3*l + 58. What are the prime factors of d?
11
Let p(w) = w**2 + 14*w - 20. List the prime factors of p(8).
2, 3, 13
Suppose 0 = -2*a - 3*k + 376, 53 = 4*a + 5*k - 699. What are the prime factors of a?
2, 47
Suppose 3*c + 4*v - 8 = 0, 5*c + v = -4*v + 15. Let l(i) = -i**2 + 10*i - 1. Let a be l(10). List the prime factors of a/c + 18/8.
2
Let m(c) = -c**3 + 9*c**2 + c - 29. What are the prime factors of m(7)?
2, 19
Suppose -4*d = -d + 21. Let u(s) = -s**3 - 6*s**2 + 5*s + 8. Let i be u(d). Let n = i + -15. List the prime factors of n.
7
Suppose -22*s = -8*s - 2828. What are the prime factors of s?
2, 101
Let s(h) = h**2 - 5*h - 7. Let n = -5 - -11. Let b be s(n). List the prime factors of b/((-1)/2) + 0.
2
Let n(q) = -q**3 + 3*q - 1. Let u be n(-7). Suppose 5*b - 2*k - k + 398 = 0, -4*b + 5*k = u. List the prime factors of b/(-5) - (-9)/45.
2
Suppose -3 = -l + 1. Suppose -22 = -4*o - 3*a, 3*o - l*o + 14 = 5*a. List the prime factors of o.
2
Let d(g) = g**2 - 11*g - 16. What are the prime factors of d(24)?
2, 37
Let t(z) = z**3 + 5*z**2 + 4*z + 3. Let x(f) = -f**3 - 2*f**2 + 2*f + 1. Let u be x(-2). What are the prime factors of t(u)?
3
Let g(a) = -5*a - 1. Let d(k) be the second derivative of -k**3/2 - k. Let q(y) = -7*d(y) + 4*g(y). List the prime factors of q(9).
5
Let u = 27 + 1. List the prime factors of u.
2, 7
Suppose 3*p = 4*v - 143 - 223, 2*p = -4. List the prime factors of v.
2, 3, 5
List the prime factors of 121/(-22)*-1*58.
11, 29
Suppose -52 = 4*j - 8. Let o = -6 - j. Let z = o + 3. List the prime factors of z.
2
Suppose -5*c + 25 = -20. What are the prime factors of c?
3
Suppose 15*v = 6*v + 126. List the prime factors of v.
2, 7
Let t(v) = -v**3 - 5*v**2 + 5*v - 3. Let d be t(-6). Suppose 2*s - d*s = 17. Let g = 28 + s. What are the prime factors of g?
11
Suppose h - 35 = 27. Suppose 5*v + h = 12. What are the prime factors of (-5)/2*16/v?
2
Let v be ((-10)/6)/(1/(-15)). Suppose -4*q = 2*i - 4*i - 24, 5*i + 5 = -q. Suppose 0 = q*w - 5 - v. List the prime factors of w.
2, 3
Let f(o) = -3*o**3 - 19*o**2 - 8*o - 6. Let q(g) = 2*g**3 + 13*g**2 + 5*g + 4. Let m(h) = 5*f(h) + 7*q(h). List the prime factors of m(-4).
2, 3
Let w = -5 - 40. List the prime factors of (w/25)/(1/(-5)).
3
Let q = 2 - -42. What are the prime factors of q?
2, 11
Suppose -3*d - 11 - 1 = 0. Let c(y) = -3*y - 7. What are the prime factors of c(d)?
5
Suppose -3*z - 2 = l, 0 = -l + 4*z - 1 - 1. Let f be l + (0/(-2) - -2). Suppose 0 = -p + 2 - f. List the prime factors of p.
2
Suppose 3*q = 4*g + 20, 4*g - 2 = -q - 6. Suppose 5*h + 144 = -4*u, -q*u = -15 - 1. List the prime factors of (-2)/(-9) + h/(-18).
2
Let g(m) = m**3 - 6*m**2 - m + 7. Let s be g(6). What are the prime factors of (s - -1) + 1 - -21?
2, 3
Let n(p) be the second derivative of -1/3*p**3 + 0 + 3/2*p**2 + 2*p. What are the prime factors of n(-4)?
11
Let n(a) = 12*a - 4. Let f(t) = -13*t + 5. Let u(z) = 2*f(z) + 3*n(z). What are the prime factors of u(3)?
2, 7
Let n be (7/(-5))/(1/(-5)). Let i = n + 3. List the prime factors of i.
2, 5
List the prime factors of ((-14)/6 - -3)/(6/2367).
263
Let j(q) = 5*q + 4. Let x be 0 + 4 - (-2)/1. Let r(h) = 3*h + 2. Let c(u) = x*j(u) - 11*r(u). What are the prime factors of c(-4)?
2, 7
Let i = 13 - 8. Let g = 146 + -102. Suppose i*z = z + g. What are the prime factors of z?
11
Let k be (-2)/(-9) - (-644)/18. What are the prime factors of ((-1)/3)/((-4)/k)?
3
Let d = 71 + -19. Suppose 2*g - 79 = -5*t, 5*t - d = -3*g + 2*g. What are the prime factors of g?
3
Let m(u) = -23*u**3 + 2*u**2 + 2*u + 1. Let b be m(-1). Suppose -w + b = 3*w. Suppose -4*s - w = -2*h - 36, -2*h = s. What are th